571269?
1
What is the ten thousands digit of 4116932559?
3
What is the ten millions digit of 689911737?
8
What is the millions digit of 1347432250?
7
What is the tens digit of 621940636?
3
What is the ten thousands digit of 1155900222?
0
What is the ten millions digit of 644255370?
4
What is the hundreds digit of 77345923?
9
What is the millions digit of 44354757?
4
What is the thousands digit of 66434580?
4
What is the billions digit of 1146642903?
1
What is the hundred thousands digit of 245889719?
8
What is the ten thousands digit of 234535971?
3
What is the hundreds digit of 373567563?
5
What is the ten thousands digit of 189761500?
6
What is the hundreds digit of 6407711386?
3
What is the hundred thousands digit of 6438347354?
3
What is the millions digit of 271021382?
1
What is the hundred thousands digit of 558646098?
6
What is the thousands digit of 837689477?
9
What is the thousands digit of 2042453754?
3
What is the hundred millions digit of 326122149?
3
What is the tens digit of 55157410?
1
What is the units digit of 36030497?
7
What is the ten millions digit of 584809262?
8
What is the thousands digit of 245804923?
4
What is the hundred millions digit of 2053846257?
0
What is the ten millions digit of 1163583499?
6
What is the thousands digit of 554015415?
5
What is the hundred thousands digit of 413338303?
3
What is the hundred thousands digit of 244311974?
3
What is the millions digit of 1951042013?
1
What is the ten thousands digit of 76311010?
1
What is the tens digit of 108081537?
3
What is the hundreds digit of 91336?
3
What is the hundred millions digit of 232611286?
2
What is the tens digit of 545942506?
0
What is the ten thousands digit of 1447076083?
7
What is the hundred millions digit of 1897044083?
8
What is the hundreds digit of 5434343061?
0
What is the ten millions digit of 1883997570?
8
What is the thousands digit of 1370824771?
4
What is the hundred millions digit of 215575034?
2
What is the ten millions digit of 38504601?
3
What is the thousands digit of 50522906?
2
What is the millions digit of 91015753?
1
What is the units digit of 5753640794?
4
What is the millions digit of 96770210?
6
What is the ten millions digit of 821491433?
2
What is the hundreds digit of 10067155?
1
What is the units digit of 5045860058?
8
What is the units digit of 52440976?
6
What is the thousands digit of 28666187?
6
What is the thousands digit of 148932068?
2
What is the units digit of 231660997?
7
What is the tens digit of 182384164?
6
What is the units digit of 634554551?
1
What is the ten millions digit of 14502120?
1
What is the tens digit of 76082825?
2
What is the thousands digit of 96278371?
8
What is the hundred thousands digit of 21924414?
9
What is the hundred thousands digit of 41350733?
3
What is the thousands digit of 44512354?
2
What is the tens digit of 1323438977?
7
What is the units digit of 7801352538?
8
What is the hundred thousands digit of 3251649?
2
What is the ten millions digit of 600681175?
0
What is the thousands digit of 159056904?
6
What is the thousands digit of 263322141?
2
What is the units digit of 36802363?
3
What is the units digit of 531254144?
4
What is the ten thousands digit of 53181846?
8
What is the billions digit of 2804169029?
2
What is the ten thousands digit of 1642343961?
4
What is the hundred millions digit of 872978410?
8
What is the ten thousands digit of 28461175?
6
What is the hundred millions digit of 153745157?
1
What is the tens digit of 531186599?
9
What is the hundred millions digit of 226206964?
2
What is the hundred millions digit of 1398977420?
3
What is the ten thousands digit of 880829505?
2
What is the tens digit of 34748104?
0
What is the hundred thousands digit of 703519364?
5
What is the hundred thousands digit of 960008060?
0
What is the hundreds digit of 945096160?
1
What is the tens digit of 25390815?
1
What is the units digit of 806287539?
9
What is the hundred thousands digit of 449671145?
6
What is the hundred thousands digit of 198958091?
9
What is the millions digit of 79893694?
9
What is the hundred millions digit of 497623226?
4
What is the hundreds digit of 4547920?
9
What is the millions digit of 87805623?
7
What is the hundreds digit of 354763528?
5
What is the millions digit of 1169244039?
9
What is the units digit of 1286153214?
4
What is the ten millions digit of 35931605?
3
What is the ten thousands digit of 13848984?
4
What is the tens digit of 178152171?
7
What is the hundred millions digit of 261060190?
2
What is the millions digit of 46332721?
6
What is the ten thousands digit of 77913953?
1
What is the hundred millions digit of 3820695887?
8
What is the hundreds digit of 759008545?
5
What is the millions digit of 2194013310?
4
What is the ten thousands digit of 171009545?
0
What is the thousands digit of 1537207455?
7
What is the hundred millions digit of 352017191?
3
What is the tens digit of 575781210?
1
What is the hundred thousands digit of 5377186684?
1
What is the hundred millions digit of 1734478523?
7
What is the ten thousands digit of 120574450?
7
What is the hundreds digit of 215104715?
7
What is the thousands digit of 36294877?
4
What is the thousands digit of 1116554820?
4
What is the tens digit of 11450951?
5
What is the ten millions digit of 32962665?
3
What is the millions digit of 192118483?
2
What is the hundred thousands digit of 61788897?
7
What is the hundreds digit of 577080963?
9
What is the hundred millions digit of 1940341088?
9
What is the hundreds digit of 426791489?
4
What is the tens digit of 239402529?
2
What is the hundreds digit of 1247136972?
9
What is the hundreds digit of 175758309?
3
What is the thousands digit of 17969743?
9
What is the millions digit of 874744640?
4
What is the hundred thousands digit of 356932368?
9
What is the tens digit of 1391272356?
5
What is the millions digit of 1575437387?
5
What is the hundreds digit of 27190386?
3
What is the hundred millions digit of 1055130307?
0
What is the tens digit of 298674857?
5
What is the hundred thousands digit of 4469888?
4
What is the thousands digit of 6464781?
4
What is the units digit of 2260636358?
8
What is the thousands digit of 444605728?
5
What is the hundreds digit of 3343049?
0
What is the hundred thousands digit of 339452914?
4
What is the billions digit of 1727101776?
1
What is the units digit of 1383020984?
4
What is the millions digit of 675638291?
5
What is the ten thousands digit of 1076222492?
2
What is the hundreds digit of 977872824?
8
What is the hundred thousands digit of 39247376?
2
What is the ten thousands digit of 823253875?
5
What is the hundred thousands digit of 5406947508?
9
What is the hundred thousands digit of 66285683?
2
What is the ten thousands digit of 47199232?
9
What is the thousands digit of 2316164792?
4
What is the ten thousands digit of 655375411?
7
What is the ten millions digit of 1405051732?
0
What is the hundred thousands digit of 6179597276?
5
What is the units digit of 2362941?
1
What is the hundred millions digit of 976560169?
9
What is the ten thousands digit of 225912262?
1
What is the thousands digit of 3703099539?
9
What is the millions digit of 286020276?
6
What is the hundreds digit of 266372549?
5
What is the thousands digit of 920671305?
1
What is the ten millions digit of 32728723?
3
What is the hundred thousands digit of 27648390?
6
What is the millions digit of 3948668881?
8
What is the hundred thousands digit of 392420283?
4
What is the millions digit of 207295640?
7
What is the tens digit of 74219784?
8
What is the ten thousands digit of 4585076628?
7
What is the ten thousands digit of 52397566?
9
What is the thousands digit of 4035126277?
6
What is the hundred millions digit of 6392347991?
3
What is the ten thousands digit of 196035630?
3
What is the thousands digit of 3095204191?
4
What is the hundred millions digit of 119698047?
1
What is the hundreds digit of 708985325?
3
What is the millions digit of 534235122?
4
What is the units digit of 279235419?
9
What is the hundreds digit of 1383053483?
4
What is the billions digit of 1484986218?
1
What is the hundreds digit of 2570357489?
4
What is the thousands digit of 1613570403?
0
What is the units digit of 74276?
6
What is the ten millions